{"version":"1.0","provider_name":"ACCSC","provider_url":"https:\/\/www.cachc.ca\/fr\/","author_name":"CACHC","author_url":"https:\/\/www.cachc.ca\/fr\/chcommunity\/participants\/cachc\/","title":"AGA 2023 - ACCSC","type":"rich","width":600,"height":338,"html":"<blockquote class=\"wp-embedded-content\" data-secret=\"OQcV584gVJ\"><a href=\"https:\/\/www.cachc.ca\/fr\/aga-2023\/\">AGA 2023<\/a><\/blockquote><iframe sandbox=\"allow-scripts\" security=\"restricted\" src=\"https:\/\/www.cachc.ca\/fr\/aga-2023\/embed\/#?secret=OQcV584gVJ\" width=\"600\" height=\"338\" title=\"\u00ab\u00a0AGA 2023\u00a0\u00bb &#8212; ACCSC\" data-secret=\"OQcV584gVJ\" frameborder=\"0\" marginwidth=\"0\" marginheight=\"0\" scrolling=\"no\" class=\"wp-embedded-content\"><\/iframe><script type=\"text\/javascript\">\n\/* <![CDATA[ *\/\n\/*! This file is auto-generated *\/\n!function(d,l){\"use strict\";l.querySelector&&d.addEventListener&&\"undefined\"!=typeof URL&&(d.wp=d.wp||{},d.wp.receiveEmbedMessage||(d.wp.receiveEmbedMessage=function(e){var t=e.data;if((t||t.secret||t.message||t.value)&&!\/[^a-zA-Z0-9]\/.test(t.secret)){for(var s,r,n,a=l.querySelectorAll('iframe[data-secret=\"'+t.secret+'\"]'),o=l.querySelectorAll('blockquote[data-secret=\"'+t.secret+'\"]'),c=new RegExp(\"^https?:$\",\"i\"),i=0;i<o.length;i++)o[i].style.display=\"none\";for(i=0;i<a.length;i++)s=a[i],e.source===s.contentWindow&&(s.removeAttribute(\"style\"),\"height\"===t.message?(1e3<(r=parseInt(t.value,10))?r=1e3:~~r<200&&(r=200),s.height=r):\"link\"===t.message&&(r=new URL(s.getAttribute(\"src\")),n=new URL(t.value),c.test(n.protocol))&&n.host===r.host&&l.activeElement===s&&(d.top.location.href=t.value))}},d.addEventListener(\"message\",d.wp.receiveEmbedMessage,!1),l.addEventListener(\"DOMContentLoaded\",function(){for(var e,t,s=l.querySelectorAll(\"iframe.wp-embedded-content\"),r=0;r<s.length;r++)(t=(e=s[r]).getAttribute(\"data-secret\"))||(t=Math.random().toString(36).substring(2,12),e.src+=\"#?secret=\"+t,e.setAttribute(\"data-secret\",t)),e.contentWindow.postMessage({message:\"ready\",secret:t},\"*\")},!1)))}(window,document);\n\/\/# sourceURL=https:\/\/www.cachc.ca\/wp-includes\/js\/wp-embed.min.js\n\/* ]]> *\/\n<\/script>\n","description":"[vc_row padding_top=\u00a0\u00bb20&Prime;][vc_column width=\u00a0\u00bb1\/4&Prime;][\/vc_column][vc_column width=\u00a0\u00bb1\/2&Prime;][vc_column_text] Assembl\u00e9e g\u00e9n\u00e9rale annuelle 2023 27 septembre 2023 13h00 &#8211; 15h00 heure de l&rsquo;Est AGA virtuel via Zoom [\/vc_column_text][\/vc_column][vc_column width=\u00a0\u00bb1\/4&Prime;][\/vc_column][\/vc_row][vc_row type=\u00a0\u00bbimage\u00a0\u00bb padding_top=\u00a0\u00bb\u00a0\u00bb padding_bottom=\u00a0\u00bb20&Prime;][vc_column][vc_custom_heading text=\u00a0\u00bbConf\u00e9rences et assembl\u00e9es g\u00e9n\u00e9rales pass\u00e9es\u00a0\u00bb font_container=\u00a0\u00bbtag:h2|text_align:center|color:%23000000&Prime; use_theme_fonts=\u00a0\u00bbyes\u00a0\u00bb][\/vc_column][\/vc_row][vc_row type=\u00a0\u00bbimage\u00a0\u00bb padding_top=\u00a0\u00bb80&Prime; padding_bottom=\u00a0\u00bb80&Prime; bg_image=\u00a0\u00bb78832&Prime;][vc_column width=\u00a0\u00bb1\/4&Prime;][vc_btn title=\u00a0\u00bb2023 &#8211; Virtuel\u00a0\u00bb color=\u00a0\u00bbinverse\u00a0\u00bb size=\u00a0\u00bblg\u00a0\u00bb align=\u00a0\u00bbcenter\u00a0\u00bb button_block=\u00a0\u00bbtrue\u00a0\u00bb link=\u00a0\u00bburl:https%3A%2F%2Fwww.cachc.ca%2F2023agm%2F\u00a0\u00bb][vc_btn title=\u00a0\u00bb2019 &#8211; Ottawa\u00a0\u00bb color=\u00a0\u00bbturquoise\u00a0\u00bb size=\u00a0\u00bblg\u00a0\u00bb align=\u00a0\u00bbcenter\u00a0\u00bb button_block=\u00a0\u00bbtrue\u00a0\u00bb link=\u00a0\u00bburl:https%3A%2F%2Fwww.cachc.ca%2F2019conference%2F|target:_blank\u00a0\u00bb][vc_btn title=\u00a0\u00bb2015 &#8211; Ottawa\u00a0\u00bb color=\u00a0\u00bbturquoise\u00a0\u00bb size=\u00a0\u00bblg\u00a0\u00bb align=\u00a0\u00bbcenter\u00a0\u00bb [&hellip;]"}

[vc_row padding_top= »20&Prime;][vc_column width= »1/4&Prime;][/vc_column][vc_column width= »1/2&Prime;][vc_column_text] Assemblée générale annuelle 2023 27 septembre 2023 13h00 &#8211; 15h00 heure de l&rsquo;Est AGA virtuel via Zoom [/vc_column_text][/vc_column][vc_column width= »1/4&Prime;][/vc_column][/vc_row][vc_row type= »image » padding_top= » » padding_bottom= »20&Prime;][vc_column][vc_custom_heading text= »Conférences et assemblées générales passées » font_container= »tag:h2|text_align:center|color:%23000000&Prime; use_theme_fonts= »yes »][/vc_column][/vc_row][vc_row type= »image » padding_top= »80&Prime; padding_bottom= »80&Prime; bg_image= »78832&Prime;][vc_column width= »1/4&Prime;][vc_btn title= »2023 &#8211; Virtuel » color= »inverse » size= »lg » align= »center » button_block= »true » link= »url:https%3A%2F%2Fwww.cachc.ca%2F2023agm%2F »][vc_btn title= »2019 &#8211; Ottawa » color= »turquoise » size= »lg » align= »center » button_block= »true » link= »url:https%3A%2F%2Fwww.cachc.ca%2F2019conference%2F|target:_blank »][vc_btn title= »2015 &#8211; Ottawa » color= »turquoise » size= »lg » align= »center » [&hellip;]
